rue
Is 68 a factor of 38209039?
False
Does 504 divide 44940168?
True
Is 611 a factor of 192131394?
True
Does 558 divide 4518146406?
False
Is 167 a factor of 995607650?
False
Does 816 divide 323060928?
True
Is 70505292 a multiple of 429?
True
Is 351 a factor of 11862279?
False
Is 718 a factor of 427530946?
True
Is 693 a factor of 176780369?
False
Is 221707873 a multiple of 274?
False
Is 355050460 a multiple of 95?
False
Is 18 a factor of 283779003?
False
Does 26 divide 31596021?
False
Does 689 divide 740067031?
False
Is 22411328 a multiple of 332?
True
Is 536342520 a multiple of 114?
False
Is 23 a factor of 1927215931?
True
Is 123049150 a multiple of 1673?
True
Does 41 divide 1056568073?
True
Is 1464 a factor of 250870489?
False
Is 475297252 a multiple of 125?
False
Is 945 a factor of 320047875?
True
Does 2712 divide 19507416?
True
Is 58 a factor of 7016492?
True
Does 52 divide 804464856?
True
Is 1718 a factor of 881878918?
False
Does 14 divide 18745636?
True
Is 1457 a factor of 27247357?
True
Is 35595003 a multiple of 7?
False
Is 2 a factor of 146087927?
False
Does 14 divide 16078552?
True
Is 10 a factor of 337705830?
True
Is 61769084 a multiple of 21?
False
Is 392562212 a multiple of 362?
True
Is 2253384328 a multiple of 12875?
False
Is 6715891951 a multiple of 6767?
False
Does 56 divide 31390408?
True
Is 146124115 a multiple of 263?
True
Is 41260870 a multiple of 119?
True
Is 4 a factor of 43663898?
False
Is 442232696 a multiple of 34?
True
Does 113 divide 45598046?
False
Does 61 divide 1144926630?
False
Is 100004082 a multiple of 199?
False
Is 7368904111 a multiple of 560?
False
Is 194273505 a multiple of 21?
False
Does 168 divide 2030952?
True
Is 2 a factor of 130607349?
False
Does 391 divide 42859074?
True
Is 17 a factor of 1301972486?
False
Is 12 a factor of 4060116?
True
Is 1335 a factor of 169613085?
True
Is 22766904 a multiple of 362?
True
Is 267845304 a multiple of 3039?
True
Does 276 divide 521993728?
False
Does 596 divide 79372300?
True
Does 412 divide 123849672?
True
Is 175447482 a multiple of 133?
True
Is 6 a factor of 1740537589?
False
Does 12 divide 75937055?
False
Does 40 divide 248140520?
True
Does 1002 divide 1462387938?
True
Is 32 a factor of 46058379?
False
Is 1514645994 a multiple of 1760?
False
Is 68 a factor of 90711660?
True
Is 191611984 a multiple of 11?
False
Is 335977103 a multiple of 5593?
True
Is 568 a factor of 39038920?
False
Is 4176176 a multiple of 306?
False
Is 1685 a factor of 435781440?
True
Does 401 divide 11650654?
True
Does 1690 divide 728912210?
True
Does 10564 divide 1588667140?
True
Is 286 a factor of 149058052?
True
Does 54 divide 61726468?
False
Is 295115 a multiple of 27?
False
Is 2002 a factor of 2008128281?
False
Is 397947254 a multiple of 19?
False
Does 65 divide 2550875378?
False
Is 124 a factor of 294646958?
False
Is 661 a factor of 120403782?
False
Is 84 a factor of 37397556?
True
Is 4 a factor of 956880?
True
Does 81 divide 129433221?
True
Is 173 a factor of 14930456?
False
Is 839112960 a multiple of 5890?
True
Is 37 a factor of 71318018?
True
Is 883 a factor of 821137463?
False
Is 25173482 a multiple of 94?
True
Is 549614624 a multiple of 436?
True
Is 31976400 a multiple of 6?
True
Is 52 a factor of 447049235?
False
Is 329 a factor of 39601032?
False
Is 801 a factor of 327469626?
True
Is 72574380 a multiple of 616?
False
Is 10 a factor of 608148573?
False
Is 104624312 a multiple of 3235?
False
Is 49 a factor of 17119473?
True
Is 47 a factor of 117118548?
True
Is 1435616449 a multiple of 42?
False
Is 93 a factor of 178094349?
True
Is 7058307 a multiple of 35?
False
Is 117886824 a multiple of 12?
True
Is 200118785 a multiple of 9?
False
Is 6780516 a multiple of 232?
False
Does 407 divide 170847366?
False
Does 238 divide 21110124?
True
Does 758 divide 42865658?
True
Is 136155705 a multiple of 23?
False
Does 106 divide 1499688?
True
Does 5474 divide 5537773949?
False
Is 1093802264 a multiple of 2?
True
Does 11 divide 6226517319?
True
Is 171 a factor of 95544464?
False
Is 20 a factor of 9764500?
True
Does 2784 divide 601800576?
True
Is 107697290 a multiple of 102?
False
Is 427 a factor of 25194178?
False
Is 91 a factor of 2529226983?
False
Is 430855100 a multiple of 34?
False
Does 11 divide 388414027?
False
Does 899 divide 41290330?
False
Is 98 a factor of 1447184288?
False
Is 4279632 a multiple of 84?
True
Does 4 divide 284685882?
False
Does 69 divide 17352810?
True
Is 91 a factor of 17883229?
True
Is 27458378 a multiple of 2026?
True
Is 17 a factor of 1047158333?
True
Is 11 a factor of 2288684795?
False
Is 581 a factor of 169281322?
True
Does 16 divide 48344602?
False
Is 176 a factor of 150926160?
True
Does 20 divide 28730480?
True
Does 392 divide 329484577?
False
Is 228805661 a multiple of 1255?
False
Is 1625373140 a multiple of 2302?
True
Is 331256495 a multiple of 18?
False
Is 188 a factor of 56594016?
True
Is 5090760196 a multiple of 18?
False
Is 707 a factor of 51440312?
False
Is 125 a factor of 11822125?
True
Does 1108 divide 282271864?
True
Does 1484 divide 18259136?
True
Is 798371678 a multiple of 3242?
True
Is 6204117 a multiple of 22?
False
Does 289 divide 564644695?
False
Does 109 divide 41531180?
True
Is 1025341820 a multiple of 342?
False
Does 741 divide 595156312?
False
Does 2 divide 1102659896?
True
Is 80 a factor of 48135680?
True
Does 22 divide 39589264?
True
Is 47 a factor of 63331287?
False
Is 138 a factor of 7871722?
False
Does 2138 divide 377050295?
False
Does 572 divide 368669693?
False
Does 4 divide 36043104?
True
Is 115 a factor of 844110728?
False
Is 28247326 a multiple of 10?
False
Is 338 a factor of 24549278?
True
Is 257069094 a multiple of 559?
False
Does 76 divide 26446480?
True
Is 17 a factor of 88280605?
False
Does 92 divide 12899628?
False
Is 43463238 a multiple of 273?
True
Is 804 a factor of 1560346?
False
Is 83428527 a multiple of 149?
True
Is 10 a factor of 6895520?
True
Is 864 a factor of 695612341?
False
Is 7 a factor of 36492433?
False
Is 4964 a factor of 2038327608?
True
Does 7 divide 22388879?
False
Is 249330533 a multiple of 11?
False
Is 1415 a factor of 27542975?
True
Is 1007033457 a multiple of 3453?
False
Does 50 divide 28984350?
True
Is 8940567 a multiple of 128?
False
Is 15997222 a multiple of 3893?
False
Is 230795850 a multiple of 15?
True
Is 547665976 a multiple of 13?
True
Does 4 divide 120220380?
True
Is 1873224 a multiple of 6?
True
Does 2 divide 3648849?
False
Does 97 divide 57997493?
False
Is 69615834 a multiple of 6?
True
Does 2674 divide 744110024?
True
Is 755841531 a multiple of 267?
False
Is 40315440 a multiple of 176?
True
Does 44 divide 65695601?
False
Is 334094545 a multiple of 15?
False
Is 5 a factor of 1286926384?
False
Does 2164 divide 414635384?
True
Is 217 a factor of 9447963?
True
Does 4012 divide 439875034?
False
Does 1685 divide 74969020?
True
Is 234951260 a multiple of 20?
True
Is 2018 a factor of 215835198?
False
Is 99 a factor of 101471832?
True
Is 74 a factor of 231693577?
False
Does 80 divide 47104000?
True
Does 865 divide 4725730?
False
Does 6 divide 903048852?
True
Does 10 divide 131227702?
False
Does 45 divide 53828190?
True
Is 1461 a factor of 1996092198?
False
Is 6 a factor of 27741905?
False
Does 11844 divide 661096548?
True
Is 36047400 a multiple of 438?
True
Is 848355871 a multiple of 11?
True
Does 268 divide 374886440?
True
Does 30 divide 170232335?
False
Does 2 divide 119650393?
False
Is 64 a factor of 538759280?
False
Is 1362 a factor of 21282612?
True
Is 52 a factor of 1731808?
True
Is 32850583 a multiple of 1054?
False
Does 459 divide 27894807?
True
Is 275183464 a multiple of 3656?
True
Does 58 divide 150746740?
False
Is 507 a factor of 91870935?
True
Is 8 a factor of 8143911?
False
Is 67 a factor of 66784497?
False
Does 23 divide 839954?
False
Is 8 a factor of 95516001?
False
Is 85 a factor of 2480640?
True
Does 675 divide 12882375?
True
Does 272 divide 2806789?
False
Is 30540244 a multiple of 287?
True
Is 62 a factor of 91781408?
False
Does 4 divide 332204932?
True
Does 216 divide 30898676?
False
Is 23978036 a multiple of 275?
False
Does 16 divide 15268896?
True
Does 25 divide 74065925?
True
Is 6781367 a multiple of 22?
False
Is 162 a factor of 219207360?
False
Does 601 divide 191909517?
True
Does 938